= -85 - -129. What are the prime factors of k?
2, 11
Let q(v) = -2*v**3 - 10*v**2 - 8*v - 24. What are the prime factors of q(-7)?
2, 3, 19
Let m = 0 - 3. Let l(u) = -2*u + u + 3 - 3*u. What are the prime factors of l(m)?
3, 5
Let g be (4 + (-7)/((-14)/(-4)))/1. Let u(v) = -3*v + 2. Let a be u(-5). Suppose -5*c + g*c + a = -5*k, 2*c = k + 16. List the prime factors of c.
3
Let y(o) be the third derivative of o**5/15 + o**4/24 + o**3/6 + o**2. Suppose -3 = 4*m + 1. What are the prime factors of y(m)?
2
Let m = 318 + -197. What are the prime factors of m?
11
Suppose 2*a = -0*a - 36. Let d = -10 - a. What are the prime factors of d?
2
Let d = 9 - 4. Suppose -v = h - 3*v - 47, 2*h = -d*v + 76. List the prime factors of h.
43
Suppose 5*o - 8 = o. Suppose 17 = 3*s + o. Suppose 2*a = 4*f + 8, -32 = -s*a - 3*f + f. List the prime factors of a.
2, 3
Let v(y) = 4 - 2 + 4 - y + 0*y. List the prime factors of v(-7).
13
Let n = 6 - -20. What are the prime factors of n?
2, 13
Suppose 0*f - 2*f - 13 = -j, 3*f + 65 = 5*j. Let i be j/(1/(-1)*1). Let t = i - -23. What are the prime factors of t?
2, 5
Suppose 3*d - 4*d = -3*f + 36, -3*d - 5*f - 108 = 0. Let y = 69 + d. What are the prime factors of y?
3, 11
Suppose -21 = -2*l + 43. What are the prime factors of l?
2
Let o(d) be the first derivative of 3*d**2/2 - d - 3. What are the prime factors of o(3)?
2
Suppose -616 = 7*z - 14*z. List the prime factors of z.
2, 11
Suppose 4*z - 2568 = -8*z. What are the prime factors of z?
2, 107
Let v be (-1 - -1)*3/6. List the prime factors of 20/15*(3 - v).
2
Let d be -1*1 + (0 - 1). Let r = -6 - -10. Let x = r + d. List the prime factors of x.
2
Let p(m) = -m**3 - 6*m**2 - 2*m - 9. What are the prime factors of p(-7)?
2, 3
Suppose -2*i + 67 - 11 = 0. List the prime factors of i.
2, 7
Let n be (-5)/(-10) - 526/(-4). Suppose -29 - 83 = -4*w + 4*i, 5*w - n = i. Suppose 0 = -h + 5*f + w, 4*h = f + 75 - 9. List the prime factors of h.
2
Suppose -3*p = -2*p - 34. Suppose 2*s - s - 5*z = p, -s + 37 = -2*z. Suppose 1 = 5*h - s. List the prime factors of h.
2
Let o = -83 - -35. Let f = o + 100. Suppose -2*w - 3*b + f = 0, -5*b = w - b - 31. What are the prime factors of w?
23
Let o(j) = -j**3 + 6*j**2 - j + 8. Suppose 3*k = -5*w + 33, w + k = 2*k + 5. What are the prime factors of o(w)?
2
Let d = 49 - -23. List the prime factors of d.
2, 3
Let g(p) = -44*p**3 + p + 1. What are the prime factors of g(-1)?
2, 11
Let n = 134 - 29. List the prime factors of n.
3, 5, 7
Suppose 5*h + 2 = 3*h. Let q be (6/4)/(h/2). List the prime factors of 8 + (1 + q - -1).
7
Let n be (-62)/(-12) + (-1)/6. Suppose n*q - 15 = p, 0 = -3*q + 4*p - 1 - 7. Suppose 0 = 5*o - q*o - 19. What are the prime factors of o?
19
List the prime factors of -2*(1 + -12*1).
2, 11
Let v(h) = 4*h**2 + 23*h + 19. List the prime factors of v(-9).
2, 17
Let x = -140 + 205. List the prime factors of x.
5, 13
Let y(x) = x + 2. Let r be y(2). Let p = r + 5. Suppose 6 = 3*v + f, 5*v + f + f = p. List the prime factors of v.
3
Let o = 102 + -103. Suppose 30 + 5 = -5*u - 2*w, 0 = -5*u + 3*w - 35. What are the prime factors of (0 - o)*(u + 28)?
3, 7
Let k = -5 + 7. Let w(g) = -g + 14. Let o be w(7). Suppose 7 + o = k*m. List the prime factors of m.
7
Suppose o - 20 - 4 = 0. List the prime factors of o.
2, 3
Let q be 1/(44/40 - 1). Let s = 29 + -41. List the prime factors of s/q*20/(-6).
2
Suppose -5*j + 266 = -3*q, -3*j - 7*q + 146 = -2*q. Suppose 2*i - j = -2*i. What are the prime factors of i?
13
Suppose -4*m - 4 + 20 = 0. Suppose 4*f = f + 3, m = 3*j + 4*f. Let h(q) = q**3 - q**2 - q + 6. What are the prime factors of h(j)?
2, 3
Suppose 4*c - 4 = -5*l + 5, 2*c + 3*l = 7. Suppose -4*s = -4*t + 60, 3*s - 11 + 48 = -5*t. Let i = c - s. What are the prime factors of i?
2, 5
Let y(l) = -l - 6. Let q be y(-9). Suppose q*s - 39 = -3*t, t - 1 = 3*s + 12. What are the prime factors of t?
13
Suppose -4*l + 51 = -l. List the prime factors of l.
17
Let a be (-14)/(-4) - 1/2. Suppose 0 = a*v - 0*v - 6. What are the prime factors of v?
2
What are the prime factors of (-2)/(-8) - (158/(-8) + 2)?
2, 3
Let r be ((-1)/3)/((-2)/(-66)). Let t = r - -19. Let c(g) = 3*g - 6. What are the prime factors of c(t)?
2, 3
Let s be 1/(-5) + (-16)/20. Let a(l) = -2*l + l + 0*l + 1. List the prime factors of a(s).
2
Let r = 41 - 8. List the prime factors of r.
3, 11
Let v(p) = -p - 2. Let l be v(0). Let d = 10 + l. What are the prime factors of d?
2
Suppose 4*r + 14 = 2*w - 2, 3*r + 12 = -4*w. Let o = 2 + w. What are the prime factors of (-258)/(-21) + o/(-7)?
2, 3
Suppose -x - x = 0. Suppose 0 = -x*j - j + 25. List the prime factors of 3/4 + j/20.
2
Let i = -5 + 8. Suppose i*d = -4*a + 83, -2*d - 76 = -4*a + 2*d. List the prime factors of a.
2, 5
Suppose 3*w - 51 = 2*m + 3*m, 2*w - 2*m = 30. Suppose 3*k - 63 = -3*g - w, 5*g + 11 = 3*k. What are the prime factors of k?
2, 3
Suppose -4*a + 27 = -85. Suppose -2*s - a = -4*s. What are the prime factors of s?
2, 7
Let q(t) be the second derivative of 5*t**4/12 + t**3/6 + t**2/2 + 9*t. List the prime factors of q(-2).
19
Let f = 90 + -51. Let h = -22 + f. Let l = -8 + h. What are the prime factors of l?
3
Suppose -6*b = -7*b + 47. List the prime factors of b.
47
Suppose -f + 4*c + 15 = -11, 0 = -2*f + 2*c + 34. List the prime factors of f.
2, 7
Let r(w) = -16*w**3 + 13*w**2 - 3*w. Let m(t) = -5*t**3 + 4*t**2 - t. Let n(p) = -7*m(p) + 2*r(p). Let v be n(1). What are the prime factors of (5/(-2) - v)*-2?
3
Let s(z) = z - 1. Let g be s(1). Let l be 16 + 4 + (0 - g). Let t = -12 + l. List the prime factors of t.
2
Suppose 28 = -0*q + q. List the prime factors of q.
2, 7
Let r = -33 - -5. Let o = -14 - r. What are the prime factors of o?
2, 7
Suppose -3*l + 43 + 55 = -4*b, -4*l - 2*b = -116. Let o = l - 18. List the prime factors of o.
2, 3
Let a(b) = -b**2 + 9*b + 13. Let g be a(10). Suppose 3*p = 2*y + y + 45, -g*p + 5*y = -35. List the prime factors of p.
2, 5
Suppose 4*l - 56 = -5*o, 5*o = l - 0*l + 36. Suppose 3*u = -o - 4. What are the prime factors of u/(-2)*(-6)/(-4)?
3
Let y = 10 + -5. Let x = y - 3. List the prime factors of x.
2
Let w = 5 + 8. Suppose 8 = -2*z - 10. Let p = w + z. What are the prime factors of p?
2
Let x = 10 + -6. What are the prime factors of x?
2
Let x(w) = -2*w**2 + 2*w + 48. What are the prime factors of x(0)?
2, 3
Let p = 82 - 43. Suppose p = -4*a - 5. Let u = -7 - a. List the prime factors of u.
2
Let z be 6/(1/(2/3)). Suppose -z*u + 28 = -2*u. List the prime factors of u.
2, 7
Suppose 17 - 7 = 2*d. Suppose -d*t = -2*t - 27. What are the prime factors of t?
3
Let b = -19 + 13. What are the prime factors of (b/9)/(2/(-45))?
3, 5
Suppose -w + 5*r = -0*w - 25, 3*r - 39 = -3*w. Suppose 0 = -6*j + j + w. Suppose 1 = -j*x + 37. What are the prime factors of x?
2, 3
Let w(h) = h**3 - 5*h**2 + 3*h. Let j be w(5). Suppose -2*v = v + 33. Let d = j + v. List the prime factors of d.
2
Let b = 36 - 24. Suppose -5*p - u = -34, 2*p - u - 3 - b = 0. List the prime factors of p.
7
Suppose -39*u = -35*u - 1408. List the prime factors of u.
2, 11
Let l(t) = -t**3 + 4*t**2 + 4*t + 7. Let a be l(5). Suppose -f - a*f = -6. Suppose -3*m = -f*m - 4. List the prime factors of m.
2
Let n(x) = -x**3 - 7*x**2 + 9*x + 11. Let g = -2 + -6. List the prime factors of n(g).
3
Let b be 4/(-18) + (-120)/(-54). Suppose -b*g + 5*k + 93 = 0, -5*k = -2*g - 2*k + 103. What are the prime factors of g?
59
Suppose -4*b - 3 = 5. Let n = -67 + 25. List the prime factors of (6*n/9)/b.
2, 7
Let l(o) = o**2 - 9*o + 13. List the prime factors of l(10).
23
Let z(x) be the third derivative of x**2 - 1/2*x**3 - 1/24*x**4 + 0 + 0*x. List the prime factors of z(-6).
3
Suppose -15 = l - 5*x, 0*l + 5*l = -2*x + 6. Suppose -4*i + 36 + 104 = l. What are the prime factors of i?
5, 7
Let d = -2 + 4. Suppose -4*u = -4*h + 24, 0 = -h + d*h - 2*u - 7. Suppose 0 = h*r - 2*i - 28, -2*i + 36 = 4*r + 10. What are the prime factors of r?
2, 3
Suppose 314 = 3*i - 5*f, 0 = -2*i - 3*i - 5*f + 510. List the prime factors of i.
103
What are the prime factors of 1/7 - (-5)/(175/5980)?
3, 19
Let p(w) = -w**3 - 3*w**2 + 3*w + 1. Let k be p(-5). Let x be ((-12)/(-8))/((-3)/(-8)). Suppose x*i - b = k, 0*b = i + b - 9. List the prime factors of i.
3
Suppose 3*